s -102010333 - 3?
-102011002
In base 4, what is 10 + 1131303?
1131313
In base 13, what is 18 - 634a?
-6332
In base 5, what is 1201 + 113134?
114340
In base 12, what is -3741 + a?
-3733
In base 13, what is 3 - 1612?
-160c
In base 12, what is 5 + 1920?
1925
In base 15, what is -14c - -b1d?
9c1
In base 13, what is -32 - -5a8?
576
In base 6, what is 5 - 51324235?
-51324230
In base 2, what is -11100111010010000 - 100?
-11100111010010100
In base 15, what is d46 + -9?
d3c
In base 3, what is 1 + -11002212112?
-11002212111
In base 7, what is -4326 - -60?
-4236
In base 14, what is 1 - -ac0c1?
ac0c2
In base 4, what is 2031031132 - -2?
2031031200
In base 10, what is 10128 - -14?
10142
In base 13, what is 1 - -aaa79?
aaa7a
In base 14, what is -5 + 3dd6?
3dd1
In base 4, what is -11 - -3032003?
3031332
In base 15, what is -2819a + 2?
-28198
In base 14, what is -5b9 - 82?
-65b
In base 11, what is 367a - 1a?
3660
In base 14, what is 79b - -90?
84b
In base 9, what is -13883 + -57?
-14051
In base 13, what is 3 - 612001?
-611ccb
In base 13, what is a3 - -9a8?
a7b
In base 10, what is 131 + 2246?
2377
In base 10, what is -220 + -60?
-280
In base 5, what is -14402 - 1?
-14403
In base 4, what is 3 - 13012230?
-13012221
In base 10, what is -1598 + -4213?
-5811
In base 13, what is 1654 - a0?
1584
In base 2, what is -101111011111100101 + 11?
-101111011111100010
In base 16, what is -15 + -3b8?
-3cd
In base 3, what is 11 + -1020120200?
-1020120112
In base 6, what is -10 - -12515204?
12515154
In base 8, what is 17 + -2401?
-2362
In base 7, what is 21 - -14301?
14322
In base 12, what is -54a8 - -a?
-549a
In base 12, what is 21 + 69a?
6bb
In base 13, what is -16c9ab - -1?
-16c9aa
In base 6, what is 42133 - 21?
42112
In base 7, what is 544641 + 3?
544644
In base 8, what is -164167 - 65?
-164254
In base 12, what is -2593 - -54?
-253b
In base 9, what is 2 - -170856?
170858
In base 2, what is -111100111 + 1100111010?
101010011
In base 13, what is 5 - a058?
-a053
In base 14, what is 4 - -274b?
2751
In base 3, what is -10212220 + -210022?
-11200012
In base 15, what is -c9b1d - 5?
-c9b23
In base 7, what is -3 + 32124?
32121
In base 5, what is 14 + 1143244?
1143313
In base 9, what is 4737 + 6?
4744
In base 5, what is 33 + -213340?
-213302
In base 15, what is 7d3e + -30?
7d0e
In base 7, what is 24143 + -30?
24113
In base 3, what is -100122 - -121020?
20121
In base 11, what is 898 - 41?
857
In base 7, what is 336254 + 5?
336262
In base 2, what is -1110111000111010 - -11?
-1110111000110111
In base 2, what is -1001111011110001 - -100?
-1001111011101101
In base 9, what is -1083 + 13?
-1070
In base 10, what is -4431 + -9?
-4440
In base 11, what is -2 - 5155?
-5157
In base 4, what is -12 + 20033230?
20033212
In base 8, what is -6111 - -7?
-6102
In base 2, what is 110111110011101 - -10010?
110111110101111
In base 2, what is -100 - 11010010000?
-11010010100
In base 3, what is 11 - -2002110001?
2002110012
In base 2, what is -10 + -100111110110010001?
-100111110110010011
In base 15, what is 6107 + e?
6116
In base 14, what is -2 - -7c700?
7c6dc
In base 8, what is -1170 + -452?
-1642
In base 10, what is 111 + 203?
314
In base 8, what is -32563 - -4?
-32557
In base 13, what is 5 + 14c2b?
14c33
In base 11, what is a40a7 + -2?
a40a5
In base 4, what is 3221313 - -3?
3221322
In base 7, what is 1 - -3655563?
3655564
In base 10, what is 3 + 37888?
37891
In base 5, what is 130 - 3311?
-3131
In base 3, what is -1010022121 + -101?
-1010022222
In base 12, what is -6 + -257b?
-2585
In base 16, what is 1a8b - 67?
1a24
In base 8, what is 4 - -23344?
23350
In base 8, what is -60504 - 13?
-60517
In base 9, what is 1 - -523281?
523282
In base 2, what is -1111011 + 1000101011100?
1000011100001
In base 6, what is 110 + 200?
310
In base 5, what is 3 - -2210311?
2210314
In base 7, what is -2434536 + 3?
-2434533
In base 9, what is -52 - -583?
531
In base 2, what is -1110011110000001 - 0?
-1110011110000001
In base 3, what is -12 + 101102012001?
101102011212
In base 11, what is 5861 + -4?
5858
In base 9, what is 26834 - -7?
26842
In base 2, what is 10000010 + -11101?
1100101
In base 13, what is 9bb34 - 1?
9bb33
In base 15, what is db - a?
d1
In base 13, what is a58 - -4?
a5c
In base 16, what is 4dc2 + 1?
4dc3
In base 15, what is -2d - 11a3?
-11d1
In base 3, what is -10 + -1020212211100?
-1020212211110
In base 11, what is -5 - 3a6424?
-3a6429
In base 16, what is 23d7 - 5?
23d2
In base 15, what is -8146 - e?
-8155
In base 15, what is 10a - -103?
20d
In base 8, what is -2 - -11575?
11573
In base 2, what is -10 - -1001111110100110?
1001111110100100
In base 14, what is -16 + -19a7?
-19bd
In base 5, what is -1 - 1202102?
-1202103
In base 16, what is 15 + 50b?
520
In base 9, what is -186 - -417?
221
In base 3, what is 1221012 - -11102?
2002121
In base 8, what is 2471 + 120?
2611
In base 14, what is 178 - -2323?
249b
In base 13, what is -1 - -160728?
160727
In base 14, what is -126c - -97?
-11b5
In base 11, what is -1 - -27a35?
27a34
In base 2, what is -100 - 11111100000101?
-11111100001001
In base 10, what is 30941 - 4?
30937
In base 7, what is -4531 - -2556?
-1642
In base 5, what is 1 - -2322323?
2322324
In base 13, what is -877 - 92?
-939
In base 6, what is 14200 + -10?
14150
In base 2, what is 1100 + -1001001111010?
-1001001101110
In base 11, what is -5764 + -7?
-5770
In base 6, what is -5410 + 2122?
-3244
In base 3, what is -2000 + -122221010?
-200000010
In base 5, what is 10 - -13231201?
13231211
In base 16, what is -22 - -13e1e?
13dfc
In base 11, what is 3606 - -40?
3646
In base 11, what is 1 - 7865?
-7864
In base 3, what is -1111021 - 2?
-1111100
In base 9, what is 26526 + 314?
26841
In base 11, what is -5 - 55a?
-564
In base 9, what is -154203 + 0?
-154203
In base 6, what is -5 + -2311225?
-2311234
In base 9, what is 363858 + -1?
363857
In base 15, what is 4a4 - -b4?
568
In base 3, what is -1011022210211 - 11?
-1011022210222
In base 2, what is 101 - -10010110010001001?
10010110010001110
In base 4, what is 0 - 11013202?
-11013202
In base 3, what is 212 - -200110020?
200111002
In base 13, what is -704 - 679?
-1080
In base 9, what is -15658527 - -2?
-15658525
In base 10, what is -33980 + -4?
-33984
In base 7, what is -6046 + -2?
-6051
In base 9, what is -20258 - 73?
-20342
In base 12, what is -88 + 315?
249
In base 15, what is 1769 + -53?
1716
In base 8, what is 117217 - -5?
117224
In base 7, what is -516460 - -100?
-516360
In base 7, what is 4 + -2301145?
-2301141
In base 8, what is 2 + -373733?
-373731
In base 11, what is -3714131 + -3?
-3714134
In base 8, what is -4 + -5665?
-5671
In base 7, what is 1254 + -25122?
-23535
In base 7, what is 261240 - -2?
261242
In base 14, what is 4a + -d?
3b
In base 5, what is 20 + -400314?
-400244
In base 5, what is -12 - -102244?
102232
In base 10, what is 2572 + -123?
2449
In base 3, what is 121200 + -100?
121100
In base 2, what is 11 + 1001101110111?
1001101111010
In base 6, what is 103 - 1230135?
-1230032
In base 9, what is 7144 + 10?
7154
In base 11, what is 3 + a709?
a711
In base 5, what is -3 + 410324?
410321
In base 14, what is 0 + b589?
b589
In base 3, what is -21112 - 2120100?
-2211212
In base 3, what is 10 - 2200?
-2120
In base 3, what is -1202112020 + 1?
-1202112012
In base 15, what is -c - -2663a?
2662d
In base 2, what is 101000101 + -101000110011?
-100011101110
In base 16, what is -1206 + 2c4?
-f42
In base 4, what is 11010222 + -10?
11010212
In base 5, what is -340 + -404?
-1244
In base 14, what is -217 + -94?
-2ab
In base 9, what is 77856 + 5?
77862
In base 7, what is 32 - -4364?
4426
In base 16, what is -78 - -dd9?
d61
In base 4, what is 311121 - 1?
311120
In base 2, what is -1 - 10010000001101?
-10010000001110
In base 10, what is -1 - 5150?
-5151
In base 6, what is 2034520 + 2?
2034522
In base 10, what is 5 + -2771?
-2766
In base 13, what is 83215 + -4?
83211
In base 10, what is 13 - 4814?
-4801
In base 12, what is -117624 + -5?
-117629
In base 4, what is -23112 - -111121?
22003
In base 2, what is -100001 + 111100111000011?
111100110100010
In base 12, what is 5 + -3411?
-3408
In base 4, what is -10232 + -3222?
-20120
In base 8, what is -4 - 744435?
-744441
In base 12, what is 36685 + -5?
36680
In base 15, what is 0 + -66823?
-66823
In base 8, what is 0 - 165?
-16